ue
Is 11465 a composite number?
True
Is 796151 composite?
False
Is 303 composite?
True
Is 46097 prime?
False
Is 6385 a prime number?
False
Is 3265 composite?
True
Is 1973 prime?
True
Is 668585 a composite number?
True
Is 1163 composite?
False
Is 39563 composite?
False
Is 14453 prime?
False
Is 365 a prime number?
False
Is 258959 composite?
False
Is 40069 a prime number?
False
Is 153542 prime?
False
Is 24223 prime?
True
Is 471749 composite?
False
Is 21479 composite?
True
Is 3343 prime?
True
Is 2319103 prime?
False
Is 426301 a prime number?
True
Is 1151 composite?
False
Is 30215 a prime number?
False
Is 5469 prime?
False
Is 223529 a composite number?
False
Is 432743 prime?
True
Is 1583 a prime number?
True
Is 400747 prime?
False
Is 13577 a composite number?
False
Is 4569 composite?
True
Is 1117945 composite?
True
Is 145031 a composite number?
False
Is 18965 a composite number?
True
Is 1432297 composite?
False
Is 86453 prime?
True
Is 16743 prime?
False
Is 577957 a composite number?
False
Is 1118413 a composite number?
True
Is 31637 a prime number?
False
Is 6371 prime?
False
Is 312449 a composite number?
True
Is 53513 composite?
True
Is 66985 composite?
True
Is 331229 a prime number?
False
Is 1629569 a composite number?
True
Is 31429 prime?
False
Is 1987 composite?
False
Is 8749 composite?
True
Is 6598 prime?
False
Is 2411 composite?
False
Is 84055 prime?
False
Is 29413 a prime number?
False
Is 30655 composite?
True
Is 3613 a prime number?
True
Is 23039 a composite number?
False
Is 107083 a prime number?
False
Is 427313 a prime number?
False
Is 163259 prime?
True
Is 91303 prime?
True
Is 63913 a composite number?
False
Is 3442 prime?
False
Is 1381 a composite number?
False
Is 4507 composite?
False
Is 307 prime?
True
Is 36731 a composite number?
True
Is 21701 a composite number?
False
Is 1517 a prime number?
False
Is 38281 a composite number?
False
Is 3671 a composite number?
False
Is 1232345 composite?
True
Is 19731 composite?
True
Is 34123 composite?
False
Is 2863 a composite number?
True
Is 16801 a prime number?
False
Is 1628747 prime?
True
Is 230269 a composite number?
True
Is 3641 a prime number?
False
Is 112673 prime?
False
Is 39703 a prime number?
True
Is 1909 prime?
False
Is 911577 a prime number?
False
Is 93827 a prime number?
True
Is 19645 a prime number?
False
Is 341177 a prime number?
False
Is 697 prime?
False
Is 24907 a composite number?
False
Is 160057 a composite number?
True
Is 227561 composite?
False
Is 4111 prime?
True
Is 11465 a composite number?
True
Is 13367 composite?
False
Is 5039 a composite number?
False
Is 2183 prime?
False
Is 42011 composite?
True
Is 123419 a composite number?
False
Is 224591 prime?
True
Is 33641 a prime number?
True
Is 2429 a composite number?
True
Is 16823 a prime number?
True
Is 24623 prime?
True
Is 42919 composite?
True
Is 12203 a composite number?
False
Is 694 a prime number?
False
Is 4162 a prime number?
False
Is 401209 prime?
True
Is 122966 a prime number?
False
Is 36079 a composite number?
True
Is 239 prime?
True
Is 59765 a composite number?
True
Is 1652543 composite?
False
Is 116113 a prime number?
True
Is 232817 a prime number?
False
Is 8359 a composite number?
True
Is 27994 a prime number?
False
Is 1835 a composite number?
True
Is 4887793 a prime number?
True
Is 76753 prime?
True
Is 6823 a composite number?
False
Is 34115 composite?
True
Is 2987 composite?
True
Is 13591 composite?
False
Is 15259 composite?
False
Is 479041 a prime number?
True
Is 35047 a composite number?
True
Is 34115 prime?
False
Is 41759 a composite number?
False
Is 508091 prime?
True
Is 18947 prime?
True
Is 43027 a composite number?
True
Is 186209 a prime number?
False
Is 1757 composite?
True
Is 469673 a prime number?
True
Is 2813 prime?
False
Is 39821 composite?
False
Is 475453 composite?
True
Is 41729 a composite number?
False
Is 22433 a prime number?
True
Is 209021 prime?
True
Is 527673 prime?
False
Is 53959 composite?
False
Is 240431 a prime number?
False
Is 11677 a composite number?
False
Is 1857961 composite?
True
Is 30967 a prime number?
False
Is 7057 a prime number?
True
Is 362561 a prime number?
True
Is 950921 prime?
True
Is 87263 prime?
False
Is 199483 composite?
False
Is 113437 a composite number?
False
Is 7631 composite?
True
Is 447817 composite?
False
Is 42533 prime?
True
Is 38989 composite?
True
Is 5729 composite?
True
Is 7639 a prime number?
True
Is 234595 a composite number?
True
Is 17167 composite?
False
Is 12821 composite?
False
Is 143909 prime?
True
Is 1961 a composite number?
True
Is 183451 a prime number?
True
Is 1234 a prime number?
False
Is 10193 prime?
True
Is 148357 prime?
False
Is 10181 prime?
True
Is 5581 a prime number?
True
Is 380867 composite?
False
Is 1487582 prime?
False
Is 48731 prime?
True
Is 1003 a prime number?
False
Is 180821 composite?
True
Is 2161 a composite number?
False
Is 749641 a prime number?
True
Is 453481 prime?
False
Is 45187 prime?
False
Is 23357 a composite number?
False
Is 145113 a composite number?
True
Is 3071 a composite number?
True
Is 17893 a composite number?
True
Is 16921 a composite number?
False
Is 40057 composite?
True
Is 734243 a prime number?
False
Is 1619 a prime number?
True
Is 26449 a composite number?
False
Is 381001 a composite number?
False
Is 236699 a prime number?
True
Is 27257 a prime number?
False
Is 2789978 prime?
False
Is 305917 prime?
True
Is 3799679 a composite number?
True
Is 915301 a composite number?
False
Is 16411 a composite number?
False
Is 2838245 a prime number?
False
Is 1382891 a prime number?
True
Is 32105 a composite number?
True
Is 24289 prime?
False
Is 14503 a composite number?
False
Is 16567 a prime number?
True
Is 439345 a composite number?
True
Is 50069 a prime number?
True
Is 367901 a prime number?
False
Is 49981 composite?
True
Is 48179 a prime number?
True
Is 808679 a composite number?
False
Is 70369 prime?
False
Is 2554 prime?
False
Is 19949 composite?
False
Is 211943 a prime number?
True
Is 59197 a composite number?
False
Is 1175479 a composite number?
False
Is 137905 a prime number?
False
Is 41669 composite?
False
Is 7087 a composite number?
True
Is 4391 composite?
False
Is 28201 composite?
False
Is 127307 prime?
False
Is 290945 prime?
False
Is 1655 prime?
False
Is 5171 a composite number?
False
Is 158 a composite number?
True
Is 2053 prime?
True
Is 5161 composite?
True
Is 33329 prime?
True
Is 728969 composite?
False
Is 5879 a composite number?
False
Is 3173 a prime number?
False
Is 7613 composite?
True
Is 453273 prime?
False
Is 7899 a prime number?
False
Is 27407 a composite number?
False
Is 111461 composite?
True
Is 153793 a prime number?
False
Is 1421141 prime?
True
Is 17603 prime?
False
Is 4709 prime?
False
Is 873481 a prime number?
False
Is 4271 a prime number?
True
Is 12247 prime?
False
Is 65761 a prime number?
True
Is 11197 a prime number?
True
Is 2053 a composite number?
False
Is 295234 a composite number?
True
Is 55617 prime?
False
Is 34971 composite?
True
Is 7031 composite?
True
Is 46499 a prime number?
True
Is 206993 prime?
True
Is 110023 a composite number?
False
Is 274271 composite?
False
Is 76513 composite?
True
Is 5755 a composite number?
True
Is 132199 a composite number?
False
Is 731113 composite?
False
Is 85055 prime?
False
Is 543 prime?
False
Is 253 a prime number?
False
Is 717631 prime?
True
Is 3646 a prime number?
False
Is 60209 a prime number?
True
Is 22343 prime?
True
Is 13207 a composite number?
True
Is 1408357 a prime number?
False
Is 2146863 a composite number?
True
Is 180569 prime?
True
Is 5131 a composite number?
True
Is 800641 composite?
True
Is 3101 prime?
False
Is 59611 prime?
True
Is 111415 a prime number?
False
Is 3719 composite?
False
Is 29219 a composite number?
True
Is 13499 prime?
True
Is 295093 a composite number?
True
Is 145 composite?
True
Is 23917 composite?
False
Is 21713 a composite number?
False
Is 5309 a composite number?
False
Is 83455 a prime number?
False
Is 207403 prime?
False
Is 3599 a prime number?
False
Is 22523 a composite number?
True
Is 521485 composite?
True
Is 98507 a prime number?
True
Is 94343 composite?
False
Is 116141 prime?
True
Is 153593 prime?
False
Is 2761 prime?
False
Is 10427 a composite number?
False
Is 126771 prime?
False
Is 32659 prime?
False
Is 1262 compo